-- https://www.phpmyadmin.net/
--
-- Tempo de geração: 16/05/2025 às 12:45
-- Versão do servidor: 10.4.32-MariaDB
-- Versão do PHP: 8.2.12

START TRANSACTION;



--
-- Banco de dados: `test`
--

-- --------------------------------------------------------

--
-- Estrutura para tabela `atividades`
--

CREATE TABLE `atividades` (
  `id` int(11) NOT NULL,
  `cliente_id` bigint(20) NOT NULL,
  `descricao` text NOT NULL,
  `data_cadastro` timestamp NOT NULL DEFAULT current_timestamp(),
  `data_agendada` datetime NOT NULL,
  `data_conclusao` datetime DEFAULT NULL,
  `usuario_id` int(11) NOT NULL,
  `nome_usuario` varchar(20) NOT NULL,
  `concluida` tinyint(1) DEFAULT 0,
  `data` timestamp NOT NULL DEFAULT current_timestamp()
) ENGINE=InnoDB DEFAULT CHARSET=utf8mb4 COLLATE=utf8mb4_general_ci;

--
-- Despejando dados para a tabela `atividades`
--

INSERT INTO `atividades` (`id`, `cliente_id`, `descricao`, `data_cadastro`, `data_agendada`, `data_conclusao`, `usuario_id`, `nome_usuario`, `concluida`, `data`) VALUES
(9, 20250505154532, 'asdadasd', '2025-05-14 19:47:42', '0000-00-00 00:00:00', '2025-05-15 08:30:32', 4, 'Sistema', 1, '2025-05-16 01:52:00'),
(10, 20250505154532, 'gfhj', '2025-05-14 19:59:05', '0000-00-00 00:00:00', NULL, 4, 'Sistema', 0, '2025-05-31 00:52:00'),
(11, 20250507153143, 'asdf', '2025-05-15 14:02:56', '0000-00-00 00:00:00', NULL, 1, 'Sistema', 0, '2025-05-16 18:06:00'),
(12, 20250507153143, '\\zxc\\zcx', '2025-05-15 14:03:22', '0000-00-00 00:00:00', NULL, 1, 'Sistema', 0, '2025-05-15 15:02:00'),
(13, 20250507153143, 'sdfg', '2025-05-15 14:03:37', '0000-00-00 00:00:00', '2025-05-15 11:04:02', 1, 'Sistema', 1, '2025-05-14 15:03:00'),
(14, 20250507153143, 'testar', '2025-05-15 14:04:35', '0000-00-00 00:00:00', NULL, 1, 'Sistema', 0, '2025-05-15 14:10:00'),
(15, 20250505154635, 'testar', '2025-05-15 14:07:28', '0000-00-00 00:00:00', NULL, 1, 'Sistema', 0, '2025-05-15 14:10:00'),
(16, 20250505154635, 'qerwq', '2025-05-15 14:19:38', '0000-00-00 00:00:00', '2025-05-15 11:24:18', 1, 'Sistema', 1, '2025-05-14 20:24:00'),
(17, 20250507153149, 'testar', '2025-05-15 18:57:01', '0000-00-00 00:00:00', NULL, 1, 'Sistema', 0, '2025-05-15 19:56:00'),
(18, 20250507153146, 'teste', '2025-05-15 19:10:54', '0000-00-00 00:00:00', NULL, 1, 'Sistema', 0, '2025-05-15 20:10:00'),
(19, 20250507153146, '123', '2025-05-15 19:14:21', '0000-00-00 00:00:00', NULL, 1, 'Sistema', 0, '2025-05-15 20:10:00'),
(20, 20250505154532, 'bbbbbbb', '2025-05-15 19:54:29', '2025-05-15 17:54:00', NULL, 1, 'Sistema', 0, '2025-05-15 19:54:29'),
(21, 20250505154532, 'hgfd', '2025-05-15 20:17:52', '2025-05-15 17:20:00', NULL, 1, 'Sistema', 0, '2025-05-15 20:17:52'),
(22, 20250505154532, 'testar a data', '2025-05-15 20:23:05', '2025-05-16 18:20:00', NULL, 1, 'Sistema', 0, '2025-05-15 20:23:05');

-- --------------------------------------------------------

--
-- Estrutura para tabela `clientes`
--

CREATE TABLE `clientes` (
  `id` bigint(20) NOT NULL,
  `Nome_Cliente` text DEFAULT NULL,
  `CPF_CNPJ` varchar(18) DEFAULT NULL,
  `Email` varchar(255) DEFAULT NULL,
  `Telefone` varchar(20) DEFAULT NULL,
  `Telefone2` varchar(20) DEFAULT NULL,
  `Celular` varchar(20) DEFAULT NULL,
  `Origem` varchar(15) DEFAULT NULL,
  `Endereco` varchar(255) DEFAULT NULL,
  `Cidade` varchar(100) DEFAULT NULL,
  `Estado` varchar(2) DEFAULT NULL,
  `Bairro` varchar(15) NOT NULL,
  `Complemento` varchar(15) NOT NULL,
  `CEP` varchar(10) DEFAULT NULL,
  `instagram` varchar(20) NOT NULL,
  `lInkedin` varchar(20) NOT NULL,
  `Obs` text DEFAULT NULL,
  `status` int(11) DEFAULT 1 COMMENT '1-Contactar, 2-Contactados, 3-Negociação, 4-Agenda ERC, 5-Visitado, 6-Vendido',
  `Data_Cadastro` timestamp NOT NULL DEFAULT current_timestamp(),
  `Observacoes` text DEFAULT NULL,
  `deletado_em` datetime DEFAULT NULL,
  `atualizado_em` timestamp NULL DEFAULT NULL ON UPDATE current_timestamp(),
  `tenant_id` char(36) NOT NULL
) ENGINE=InnoDB DEFAULT CHARSET=latin1 COLLATE=latin1_swedish_ci;

--
-- Despejando dados para a tabela `clientes`
--

INSERT INTO `clientes` (`id`, `Nome_Cliente`, `CPF_CNPJ`, `Email`, `Telefone`, `Telefone2`, `Celular`, `Origem`, `Endereco`, `Cidade`, `Estado`, `Bairro`, `Complemento`, `CEP`, `instagram`, `lInkedin`, `Obs`, `status`, `Data_Cadastro`, `Observacoes`, `deletado_em`, `atualizado_em`, `tenant_id`) VALUES
(20250430080642, 'Eduardo Custódio', '0', 'eduardo@teste.com', '998294400', '0', '0', '', 'kuhgh oiuy', 'Pomerode', 'SC', '', 'casa', '0', '', '', '', 5, '0000-00-00 00:00:00', 'teste', '2025-05-05 08:14:45', '2025-05-09 17:02:01', ''),
(20250501143428, 'Jonathan', '0', 'johni@outlook.com.br', '998298300', '0', '0', '', 'Servidão Pinho Cuiabano, 109', 'Florianópolis', 'SC', '', '', '88048', '', '', NULL, 6, '2025-05-01 03:00:00', 'dsagfdsfgsdfgsdfgdsg', '2025-05-05 08:14:45', '2025-05-12 18:54:23', ''),
(20250505142640, 'Gabriel', '0', '', '0', '0', '2147483647', 'Minha imaginaçã', '', '', '', '', '', '0', '', '', NULL, 3, '2025-05-05 03:00:00', 'Jovem aprendiz', NULL, '2025-05-12 18:10:37', ''),
(20250505154532, 'André Manzk', '', 'dre@teste.com', '47998786546', '0', 'hhh', NULL, '', 'Pomerode', '', '', 'h', '', '', '', NULL, 2, '2025-05-08 19:35:32', 'linha do tempo', NULL, '2025-05-12 16:33:08', ''),
(20250505154635, 'Arthur C Vieira', '0', 'acv@outlook.com.br', '321654987', '0', '0', 'xcvb', 'Servidão Pinho Cuiabano, 109', 'Florianópolis', 'SC', 'Rio Tavares', 'casa A', '88048-317', '@teste', 'arthur.vieria1234', NULL, 4, '0000-00-00 00:00:00', 'Filhote', NULL, '2025-05-15 18:05:41', ''),
(20250505162524, 'bodao', NULL, 'asdfasd@teste.com', '0', '0', NULL, NULL, '', '', '', '', '', '0', '', '', NULL, 4, '2025-05-08 19:35:32', 'asdf', NULL, '2025-05-15 13:09:33', ''),
(20250505163653, 'cadastrro cadastrado', NULL, 'thiago.vieira@outlook.com.br', '765765765', '0', NULL, NULL, '', 'Florianópolis', 'SC', 'Rio Tavares', 'casa A', '0', '', '', NULL, 6, '2025-05-08 19:35:32', 'observado', NULL, '2025-05-09 20:23:01', ''),
(20250505170935, 'Feed', NULL, '', '0', '0', NULL, NULL, '', '', '', '', '', '0', '', '', NULL, 6, '2025-05-08 19:35:32', 'Feedback de cadastro no padrão da exclusão.\r\n', NULL, '2025-05-09 20:23:03', ''),
(20250506170330, 'Deu certo mais uma vez', NULL, 'thiago.vieira@outlook.com.br', '998298300', '0', NULL, NULL, 'Servidão Pinho Cuiabano, 10', 'Blumenau', 'SP', 'Salto do Norte', 'wertwertwertwer', '', '', '', NULL, 6, '2025-05-08 19:35:32', 'Vai dar certo!!!!?', NULL, '2025-05-09 20:23:08', ''),
(20250507151423, 'Thiago Vieira', NULL, 'thiago.vieira@outlook.com.br', '998298300', '0', NULL, NULL, 'Servidão Pinho Cuiabano, 109', 'Florianópolis', 'SC', '', '', '88048', '', '', NULL, 6, '2025-05-08 19:35:32', '', NULL, NULL, ''),
(20250507151704, 'Thiago Vieira000', NULL, 'thiago.vieira@outlook.com.br', '998298300', '0', NULL, NULL, 'Servidão Pinho Cuiabano, 109', 'Florianópolis', 'SC', '', '', '88048', '', '', NULL, 6, '2025-05-08 19:35:32', '', NULL, '2025-05-09 20:23:04', ''),
(20250507152526, 'hhhhhhhhh', NULL, '', '0', '0', NULL, NULL, '', '', '', '', '', '0', '', '', NULL, 6, '2025-05-08 19:35:32', 'hhhhhhhhhhhhhh', NULL, '2025-05-09 20:23:06', ''),
(20250507153143, 'deu certo', NULL, '', '0', '0', NULL, NULL, '', '', '', '', '', '0', '', '', NULL, 1, '2025-05-08 19:35:32', 'teste', NULL, '2025-05-09 20:18:54', ''),
(20250507153144, 'Cliente 10', NULL, 'clt10@outlook.com.br', '55555555', '0', NULL, NULL, 'Servidão Pinho Cuiabano, 10', 'Florianópolis', 'PR', '', '', '88048-317', '', '', NULL, 4, '2025-05-09 12:41:02', 'oioiuoiuoiu', NULL, '2025-05-09 12:46:21', ''),
(20250507153145, 'Mais um novo', NULL, 'thiago.vieira@outlook.com.br', '998298300', '0', NULL, NULL, 'Servidão Pinho Cuiabano, 109', 'Florianópolis', 'SC', '', '', '88048-317', '', '', NULL, 6, '2025-05-09 13:58:18', '', NULL, '2025-05-09 20:23:10', ''),
(20250507153146, 'Rodrigo Adriano', NULL, 'r@teste.com', '43563465345', '0', NULL, NULL, 'teste', 'Florianópolis', 'SC', 'Rio Tavares', 'casa', '', '', '', NULL, 1, '2025-05-09 15:43:18', 'teste', NULL, '2025-05-09 20:12:22', ''),
(20250507153147, 'Sheila Araújo', NULL, 'thiago.vieira@outlook.com.br', '998298300', '0', NULL, NULL, 'Servidão Pinho Cuiabano, 109', 'Florianópolis', 'SC', '', '', '88048-317', '', '', NULL, 3, '2025-05-13 10:36:48', 'Sheila editando as observações', NULL, '2025-05-15 17:45:22', ''),
(20250507153149, 'data e hora', NULL, 'data@outlook.com.br', '998298300', NULL, NULL, NULL, '', 'Florianópolis', 'SC', 'Rio Tavares', 'casa A', '88048-317', '@teste', 'arthur.vieria1234', NULL, 1, '2025-05-15 18:56:01', '', NULL, '2025-05-15 18:56:34', '');

-- --------------------------------------------------------

--
-- Estrutura para tabela `cliente_atividades`
--

CREATE TABLE `cliente_atividades` (
  `id` int(11) NOT NULL,
  `cliente_id` bigint(20) NOT NULL,
  `usuario_id` int(11) DEFAULT NULL,
  `nome_usuario` varchar(100) DEFAULT NULL,
  `titulo` varchar(255) NOT NULL,
  `descricao` text DEFAULT NULL,
  `data_cadastro` datetime DEFAULT current_timestamp(),
  `tenant_id` char(36) NOT NULL
) ENGINE=InnoDB DEFAULT CHARSET=utf8mb4 COLLATE=utf8mb4_general_ci;

-- --------------------------------------------------------

--
-- Estrutura para tabela `cliente_logs`
--

CREATE TABLE `cliente_logs` (
  `id` int(11) NOT NULL,
  `cliente_id` bigint(11) NOT NULL,
  `usuario_id` bigint(11) NOT NULL,
  `nome_usuario` varchar(100) NOT NULL,
  `acao` varchar(50) NOT NULL,
  `detalhes` text NOT NULL,
  `data_hora` datetime NOT NULL DEFAULT current_timestamp(),
  `tenant_id` char(36) NOT NULL
) ENGINE=InnoDB DEFAULT CHARSET=utf8mb4 COLLATE=utf8mb4_general_ci;

--
-- Despejando dados para a tabela `cliente_logs`
--

INSERT INTO `cliente_logs` (`id`, `cliente_id`, `usuario_id`, `nome_usuario`, `acao`, `detalhes`, `data_hora`, `tenant_id`) VALUES
(1, 20250505154532, 11, 'Sistema', 'atualizacao', 'Campo **Cidade** alterado de \"\" para \"hhh\"', '2025-05-09 08:05:42', ''),
(2, 20250505154532, 11, 'Sistema', 'atualizacao', 'Campo **Celular** alterado de \"\" para \"hhh\"', '2025-05-09 08:05:49', ''),
(3, 20250506170330, 11, 'Sistema', 'atualizacao', 'Alterações realizadas:\n- Telefone: de \'0\' para \'\'\n- CEP: de \'0\' para \'\'\n', '2025-05-09 09:16:23', ''),
(4, 20250506170330, 11, 'Sistema', 'atualizacao', 'Alterações realizadas:\n- Nome_Cliente: de \'eeeeeee\' para \'Deu certo mais uma vez!\'\n', '2025-05-09 09:19:33', ''),
(6, 20250505154532, 11, 'Sistema', 'atualizacao', 'Alterações realizadas:\n- Nome_Cliente: de \'André\' para \'André Manzk\'\n- Telefone: de \'0\' para \'77777777777777777777777777\'\n- CEP: de \'0\' para \'\'\n', '2025-05-09 09:39:56', ''),
(7, 20250507153144, 11, 'Sistema', 'atualizacao', 'Alterações realizadas:\n- Telefone: de \'998298300\' para \'987654321\'\n- Endereco: de \'Servidão Pinho Cuiabano, 109\' para \'Servidão Pinho Cuiabano, 10\'\n- Observacoes: de \'\' para \'lkjhoiuy\'\n', '2025-05-09 09:41:45', ''),
(8, 20250507153144, 11, 'Sistema', 'atualizacao', 'Alterações realizadas:\n- Observacoes: de \'lkjhoiuy\' para \'oioiuoiuoiu\'\n', '2025-05-09 09:44:38', ''),
(9, 20250507153144, 11, 'Sistema', 'atualizacao', 'Alterações realizadas:\n- Estado: de \'SC\' para \'PR\'\n', '2025-05-09 09:45:28', ''),
(10, 20250507153144, 11, 'Sistema', 'atualizacao', 'Alterações realizadas:\n- Telefone: de \'987654321\' para \'55555555\'\n', '2025-05-09 09:45:46', ''),
(11, 20250507153144, 11, 'Sistema', 'atualizacao', 'Alterações realizadas:\n- status: de \'1\' para \'2\'\n', '2025-05-09 09:45:59', ''),
(12, 20250505154635, 11, 'Sistema', 'atualizacao', 'Alterações realizadas:\n- Nome_Cliente: de \'Arthur\' para \'Arthur C Vieira\'\n- Telefone: de \'0\' para \'\'\n- CEP: de \'0\' para \'\'\n', '2025-05-09 09:53:25', ''),
(13, 20250505154635, 11, 'Sistema', 'atualizacao', 'Alterações realizadas:\n- Observacoes: de \'sadfasdfasdfasdfasdfasdfasdfasdf\' para \'sadfasdfasdfasdfasdfasdfasdfasdf jhgf\'\n', '2025-05-09 09:53:49', ''),
(14, 20250505154635, 11, 'Sistema', 'atualizacao', 'Alterações realizadas:\n- Email: de \'\' para \'acv@outlook.com.br\'\n- Telefone: de \'\' para \'321654987\'\n- Endereco: de \'\' para \'Servidão Pinho Cuiabano, 109\'\n- Cidade: de \'\' para \'Florianópolis\'\n- Estado: de \'\' para \'SC\'\n- CEP: de \'\' para \'88048-317\'\n', '2025-05-09 09:57:02', ''),
(15, 20250505154532, 11, 'Sistema', 'atualizacao', 'Alterações realizadas:\n- Telefone: de \'77777777777777777777\' para \'7777777777777777\'\n', '2025-05-09 09:59:21', ''),
(18, 20250506170330, 11, 'Sistema', 'atualizacao', 'Alterações realizadas:\n- Observacoes: de \'\' para \'Vai dar certo!!!!\'\n', '2025-05-09 10:21:39', ''),
(19, 20250505154532, 11, 'Sistema', 'atualizacao', 'Alterações realizadas:\n- Observacoes: de \'\' para \'linha do tempo\'\n', '2025-05-09 10:25:32', ''),
(20, 20250506170330, 11, 'Sistema', 'atualizacao', 'Alterações realizadas:\n- Email: de \'\' para \'thiago.vieira@outlook.com.br\'\n- Telefone: de \'\' para \'998298300\'\n- Cidade: de \'\' para \'Florianópolis\'\n- Estado: de \'\' para \'SC\'\n', '2025-05-09 10:27:11', ''),
(21, 20250506170330, 11, 'Sistema', 'atualizacao', 'Alterações realizadas:\n- Estado: de \'SC\' para \'SP\'\n', '2025-05-09 10:29:28', ''),
(22, 20250505154532, 11, 'Sistema', 'atualizacao', 'Alterações realizadas:\n- Complemento: de \'\' para \'h\'\n', '2025-05-09 10:40:51', ''),
(23, 20250506170330, 11, 'Sistema', 'atualizacao', 'Alterações realizadas:\n- Endereco: de \'\' para \'Servidão Pinho Cuiabano, 10\'\n', '2025-05-09 10:46:31', ''),
(24, 20250506170330, 11, 'Sistema', 'atualizacao', 'Alterações realizadas:\n- Observacoes: de \'Vai dar certo!!!!\' para \'Vai dar certo!!!!👌\'\n', '2025-05-09 10:48:36', ''),
(25, 20250506170330, 11, 'Sistema', 'atualizacao', 'Alterações realizadas:\n- Nome_Cliente: de \'Deu certo mais uma vez!\' para \'Deu certo mais uma vez!$%¨&*\'\n', '2025-05-09 10:49:40', ''),
(27, 20250507153145, 11, 'Sistema', 'atualizacao', 'Alterações realizadas:\n- status: de \'1\' para \'2\'\n', '2025-05-09 11:00:59', ''),
(28, 20250505163653, 11, 'Sistema', 'atualizacao', 'Alterações realizadas:\n- Email: de \'\' para \'thiago.vieira@outlook.com.br\'\n- Cidade: de \'\' para \'Florianópolis\'\n- Estado: de \'\' para \'SC\'\n- Bairro: de \'\' para \'Rio Tavares\'\n- Complemento: de \'\' para \'casa A\'\n', '2025-05-09 11:04:13', ''),
(29, 20250505163653, 11, 'Sistema', 'atualizacao', 'Alterações realizadas:\n- Telefone: de \'0\' para \'765765765\'\n', '2025-05-09 11:04:33', ''),
(30, 20250505163653, 11, 'Sistema', 'atualizacao', 'Alterações realizadas:\n- Observacoes: de \'\' para \'observado\'\n', '2025-05-09 12:37:43', ''),
(31, 20250505163653, 11, 'Sistema', 'atualizacao', 'Alterações realizadas:\n- Nome_Cliente: de \'cadastrro\' para \'cadastrro cadastrado\'\n', '2025-05-09 12:39:07', ''),
(32, 20250507153146, 11, 'Sistema', 'atualizacao', 'Alterações realizadas:\n- Email: de \'\' para \'r@teste.com\'\n', '2025-05-09 12:43:40', ''),
(33, 20250507153146, 11, 'Sistema', 'atualizacao', 'Alterações realizadas:\n- Observacoes: de \'\' para \'teste\'\n', '2025-05-09 12:43:53', ''),
(34, 20250507153146, 11, 'Sistema', 'atualizacao', 'Alterações realizadas:\n- Complemento: de \'\' para \'casa\'\n', '2025-05-09 12:52:05', ''),
(35, 20250507153146, 11, 'Sistema', 'cadastro_produto', 'Produto cadastrado:\n- Nome: sdfg\n- Descrição: teste\n- Valor: R$ 0,00', '2025-05-09 12:52:29', ''),
(36, 20250505154532, 11, 'Sistema', 'cadastro_produto', 'Produto cadastrado:\n- Nome: testee\n- Descrição: \n- Valor: R$ 10,00', '2025-05-09 12:55:11', ''),
(37, 20250505154532, 11, 'Sistema', 'cadastro_produto', 'Produto cadastrado:\n- Nome: xvcb\n- Descrição: \n- Valor: R$ 1,00', '2025-05-09 12:56:16', ''),
(38, 20250506170330, 11, 'Sistema', 'atualizacao', 'Alterações realizadas:\n- Complemento: de \'\' para \'wertwertwertwertwert\'\n', '2025-05-09 13:46:31', ''),
(39, 20250506170330, 11, 'Sistema', 'atualizacao', 'Alterações realizadas:\n- Nome_Cliente: de \'Deu certo mais uma vez!$%¨&*\' para \'Deu certo mais uma vez\'\n', '2025-05-09 13:47:14', ''),
(40, 20250506170330, 11, 'Sistema', 'cadastro_produto', 'Produto cadastrado:\n- Nome: erty\n- Descrição: erty\n- Valor: R$ 10,00', '2025-05-09 13:50:31', ''),
(41, 20250430080642, 11, 'Sistema', 'atualizacao', 'Alterações realizadas:\n- Nome_Cliente: de \'Eduardo\' para \'Eduardo Custódio\'\n', '2025-05-09 13:54:42', ''),
(42, 20250430080642, 11, 'Sistema', 'atualizacao', 'Alterações realizadas:\n- Complemento: de \'\' para \'casa\'\n- Observacoes: de \'asfasdfasdf\' para \'teste\'\n', '2025-05-09 13:56:25', ''),
(43, 20250430080642, 11, 'Sistema', 'atualizacao', 'Alterações realizadas:\n- Cidade: de \'Florianópolis\' para \'Pomerode\'\n', '2025-05-09 14:02:01', ''),
(44, 20250506170330, 11, 'Sistema', 'atualizacao', 'Alterações realizadas:\n- Cidade: de \'Florianópolis\' para \'Blumenau\'\n- Bairro: de \'\' para \'Salto do Norte\'\n', '2025-05-09 14:04:38', ''),
(45, 20250507153144, 11, 'Sistema', 'cadastro_produto', 'Produto cadastrado:\n- Tipo: Manual\n- Nome: produto de teste\n- Quantidade: 1\n- Valor unitário: R$ 559,00\n- Valor total: R$ 559,00\n- Observações: teste', '2025-05-09 14:05:45', ''),
(46, 20250507153144, 11, 'Sistema', 'cadastro_produto', 'Produto cadastrado:\n- Tipo: Manual\n- Nome: Software SaS\n- Quantidade: 1\n- Valor unitário: R$ 590,00\n- Valor total: R$ 590,00\n- Observações: ', '2025-05-09 14:11:26', ''),
(47, 20250507153144, 11, 'Sistema', 'cadastro_produto', 'Produto cadastrado:\n- Tipo: Da lista\n- Nome: Produto Top de Linha\n- Quantidade: 1\n- Valor unitário: R$ 10,00\n- Valor total: R$ 10,00\n- Observações: ', '2025-05-09 14:18:07', ''),
(48, 20250507153144, 11, 'Sistema', 'cadastro_produto', 'Produto cadastrado:\n- Tipo: Da lista\n- Nome: Produto Top de Linha\n- Quantidade: 1\n- Valor unitário: R$ 10,00\n- Valor total: R$ 10,00\n- Observações: ', '2025-05-09 14:22:52', ''),
(49, 20250505154532, 11, 'Sistema', 'cadastro_produto', 'Produto cadastrado:\n- Tipo: Da lista\n- Nome: Produto Top de Linha\n- Quantidade: 1\n- Valor unitário: R$ 10,00\n- Valor total: R$ 10,00\n- Observações: ', '2025-05-09 14:41:05', ''),
(50, 20250505154532, 11, 'Sistema', 'cadastro_produto', 'Produto cadastrado:\n- Tipo: Manual\n- Nome: produto de teste\n- Quantidade: 1\n- Valor unitário: R$ 50,00\n- Valor total: R$ 50,00\n- Observações: ', '2025-05-09 14:41:33', ''),
(51, 20250505154532, 11, 'Sistema', 'cadastro_produto', 'Produto cadastrado:\n- Tipo: Da lista\n- Nome: Produto 2\n- Quantidade: 1\n- Valor unitário: R$ 80,00\n- Valor total: R$ 80,00\n- Observações: ', '2025-05-09 14:50:29', ''),
(52, 20250505154532, 11, 'Sistema', 'cadastro_produto', 'Produto cadastrado:\n- Tipo: Da lista\n- Nome: Produto 2\n- Quantidade: 1\n- Valor unitário: R$ 80,00\n- Valor total: R$ 80,00\n- Observações: ', '2025-05-09 14:54:56', ''),
(53, 20250506170330, 11, 'Sistema', 'cadastro_produto', 'Produto cadastrado:\n- Tipo: Da lista\n- Nome: Produto Top de Linha\n- Quantidade: 1\n- Valor unitário: R$ 10,00\n- Valor total: R$ 10,00\n- Observações: ', '2025-05-09 15:01:59', ''),
(54, 20250506170330, 11, 'Sistema', 'cadastro_produto', 'Produto cadastrado:\n- Tipo: Da lista\n- Nome: Produto 2\n- Quantidade: 1\n- Valor unitário: R$ 80,00\n- Valor total: R$ 80,00\n- Observações: ', '2025-05-09 15:02:52', ''),
(55, 20250505154532, 4, 'Sistema', 'cadastro_produto', 'Produto cadastrado:\n- Tipo: Manual\n- Nome: Cadastrado manualmente\n- Quantidade: 3\n- Valor unitário: R$ 100,00\n- Valor total: R$ 300,00\n- Observações: ', '2025-05-09 15:16:20', ''),
(56, 20250505154532, 4, 'Sistema', 'atualizacao', 'Alterações realizadas:\n- Telefone: de \'7777777777777777\' para \'47998786546\'\n', '2025-05-09 15:18:51', ''),
(57, 20250506170330, 4, 'Sistema', 'cadastro_produto', 'Produto cadastrado:\n- Tipo: Da lista\n- Nome: Produto 2\n- Quantidade: 1\n- Valor unitário: R$ 80,00\n- Valor total: R$ 80,00\n- Observações: ', '2025-05-09 15:20:53', ''),
(58, 20250507152526, 4, 'Sistema', 'cadastro_produto', 'Produto cadastrado:\n- Tipo: Da lista\n- Nome: Produto 2\n- Quantidade: 1\n- Valor unitário: R$ 80,00\n- Valor total: R$ 80,00\n- Observações: sdfg', '2025-05-09 15:31:37', ''),
(59, 20250507152526, 4, 'Sistema', 'cadastro_produto', 'Produto cadastrado:\n- Tipo: Da lista\n- Nome: Produto Top de Linha\n- Quantidade: 1\n- Valor unitário: R$ 10,00\n- Valor total: R$ 10,00\n- Observações: ', '2025-05-09 15:33:05', ''),
(60, 20250507152526, 4, 'Sistema', 'cadastro_produto', 'Produto cadastrado:\n- Tipo: Da lista\n- Nome: Produto 2\n- Quantidade: 1\n- Valor unitário: R$ 80,00\n- Valor total: R$ 80,00\n- Observações: ', '2025-05-09 15:35:20', ''),
(61, 20250507152526, 4, 'Sistema', 'cadastro_produto', 'Produto cadastrado:\n- Tipo: Da lista\n- Nome: Produto 2\n- Quantidade: 1\n- Valor unitário: R$ 80,00\n- Valor total: R$ 80,00\n- Observações: ', '2025-05-09 15:35:41', ''),
(62, 20250507152526, 4, 'Sistema', 'cadastro_produto', 'Produto cadastrado:\n- Tipo: Da lista\n- Nome: Produto Top de Linha\n- Quantidade: 1\n- Valor unitário: R$ 10,00\n- Valor total: R$ 10,00\n- Observações: ', '2025-05-09 15:35:55', ''),
(63, 20250507152526, 4, 'Sistema', 'cadastro_produto', 'Produto cadastrado:\n- Tipo: Manual\n- Nome: XXXXXXXXXXXXXXXXXXXXXXXXXXXXXXXXXXXXXXXXXXXXX\n- Quantidade: 1\n- Valor unitário: R$ 500,00\n- Valor total: R$ 500,00\n- Observações: ', '2025-05-09 15:40:14', ''),
(64, 20250505154532, 4, 'Sistema', 'cadastro_produto', 'Produto cadastrado:\n- Tipo: Da lista\n- Nome: Produto 2\n- Quantidade: 1\n- Valor unitário: R$ 80,00\n- Valor total: R$ 80,00\n- Observações: ', '2025-05-09 15:48:17', ''),
(65, 20250505154532, 4, 'Sistema', 'cadastro_produto', 'Produto cadastrado:\n- Tipo: Da lista\n- Nome: Produto Top de Linha\n- Quantidade: 1\n- Valor unitário: R$ 10,00\n- Valor total: R$ 10,00\n- Observações: ', '2025-05-09 15:49:01', ''),
(66, 20250507151704, 4, 'Sistema', 'cadastro_produto', 'Produto cadastrado:\n- Tipo: Da lista\n- Nome: Produto 2\n- Quantidade: 1\n- Valor unitário: R$ 80,00\n- Valor total: R$ 80,00\n- Observações: ', '2025-05-09 15:52:44', ''),
(67, 20250507151704, 4, 'Sistema', 'cadastro_produto', 'Produto cadastrado:\n- Tipo: Da lista\n- Nome: Produto Top de Linha\n- Quantidade: 1\n- Valor unitário: R$ 10,00\n- Valor total: R$ 10,00\n- Observações: ', '2025-05-09 15:53:02', ''),
(68, 20250507151704, 4, 'Sistema', 'cadastro_produto', 'Produto cadastrado:\n- Tipo: Da lista\n- Nome: Produto 2\n- Quantidade: 1\n- Valor unitário: R$ 80,00\n- Valor total: R$ 80,00\n- Observações: ', '2025-05-09 15:54:53', ''),
(69, 20250507151704, 4, 'Sistema', 'cadastro_produto', 'Produto cadastrado:\n- Tipo: Da lista\n- Nome: Produto 2\n- Quantidade: 1\n- Valor unitário: R$ 80,00\n- Valor total: R$ 80,00\n- Observações: ', '2025-05-09 15:55:18', ''),
(70, 20250505154635, 4, 'Sistema', 'atualizacao', 'Alterações realizadas:\n- Bairro: de \'\' para \'Rio Tavares\'\n- Complemento: de \'\' para \'casa A\'\n', '2025-05-09 15:57:04', ''),
(71, 20250505154635, 4, 'Sistema', 'cadastro_produto', 'Produto cadastrado:\n- Tipo: Da lista\n- Nome: Produto Top de Linha\n- Quantidade: 1\n- Valor unitário: R$ 10,00\n- Valor total: R$ 10,00\n- Observações: ', '2025-05-09 15:57:18', ''),
(72, 20250505154635, 4, 'Sistema', 'atualizacao', 'Alterações realizadas:\n- Observacoes: de \'sadfasdfasdfasdfasdfasdfasdfasdf jhgf\' para \'Filhote\'\n', '2025-05-09 15:57:26', ''),
(73, 20250507151704, 4, 'Sistema', 'cadastro_produto', 'Produto cadastrado:\n- Tipo: Da lista\n- Nome: Produto 2\n- Quantidade: 1\n- Valor unitário: R$ 80,00\n- Valor total: R$ 80,00\n- Observações: ', '2025-05-09 16:14:37', ''),
(74, 20250507151704, 4, 'Sistema', 'cadastro_produto', 'Produto cadastrado:\n- Tipo: Da lista\n- Nome: Produto 2\n- Quantidade: 1\n- Valor unitário: R$ 80,00\n- Valor total: R$ 80,00\n- Observações: ', '2025-05-09 16:24:34', ''),
(75, 20250505163653, 4, 'Sistema', 'cadastro_produto', 'Produto cadastrado:\n- Tipo: Da lista\n- Nome: Produto 2\n- Quantidade: 1\n- Valor unitário: R$ 80,00\n- Valor total: R$ 80,00\n- Observações: ', '2025-05-09 16:35:57', ''),
(76, 20250507153146, 4, 'Sistema', 'cadastro_produto', 'Produto cadastrado:\n- Tipo: Da lista\n- Nome: Produto 2\n- Quantidade: 1\n- Valor unitário: R$ 80,00\n- Valor total: R$ 80,00\n- Observações: ', '2025-05-09 16:49:31', ''),
(77, 20250507151423, 4, 'Sistema', 'cadastro_produto', 'Produto cadastrado:\n- Tipo: Da lista\n- Nome: Produto Top de Linha\n- Quantidade: 1\n- Valor unitário: R$ 10,00\n- Valor total: R$ 10,00\n- Observações: ', '2025-05-09 16:57:19', ''),
(78, 20250507151423, 4, 'Sistema', 'cadastro_produto', 'Produto cadastrado:\n- Tipo: Da lista\n- Nome: Produto 2\n- Quantidade: 1\n- Valor unitário: R$ 80,00\n- Valor total: R$ 80,00\n- Observações: ', '2025-05-09 16:57:25', ''),
(79, 20250507151423, 4, 'Sistema', 'cadastro_produto', 'Produto cadastrado:\n- Tipo: Da lista\n- Nome: Produto Top de Linha\n- Quantidade: 1\n- Valor unitário: R$ 10,00\n- Valor total: R$ 10,00\n- Observações: ', '2025-05-09 16:57:40', ''),
(80, 20250507153146, 4, 'Sistema', 'atualizacao', 'Alterações realizadas:\n- Telefone: de \'\' para \'43563465345\'\n- Endereco: de \'\' para \'teste\'\n- Cidade: de \'\' para \'Florianópolis\'\n- Estado: de \'\' para \'SC\'\n- Bairro: de \'\' para \'Rio Tavares\'\n', '2025-05-09 17:12:22', ''),
(81, 20250507153146, 4, 'Sistema', 'cadastro_produto', 'Produto cadastrado:\n- Tipo: Da lista\n- Nome: Produto 2\n- Quantidade: 1\n- Valor unitário: R$ 80,00\n- Valor total: R$ 80,00\n- Observações: ', '2025-05-09 17:12:31', ''),
(82, 20250507153143, 4, 'Sistema', 'cadastro_produto', 'Produto cadastrado:\n- Tipo: Da lista\n- Nome: Produto 2\n- Quantidade: 1\n- Valor unitário: R$ 80,00\n- Valor total: R$ 80,00\n- Observações: ', '2025-05-09 17:18:45', ''),
(83, 20250507153143, 4, 'Sistema', 'atualizacao', 'Alterações realizadas:\n- Observacoes: de \'\' para \'teste\'\n', '2025-05-09 17:18:54', ''),
(84, 20250507153146, 4, 'Sistema', 'cadastro_produto', 'Produto cadastrado:\n- Tipo: Da lista\n- Nome: Produto Top de Linha\n- Quantidade: 1\n- Valor unitário: R$ 10,00\n- Valor total: R$ 10,00\n- Observações: ', '2025-05-12 12:35:54', ''),
(85, 20250505154532, 4, 'Sistema', 'cadastro_produto', 'Produto cadastrado:\n- Tipo: Da lista\n- Nome: Produto 2\n- Quantidade: 1\n- Valor unitário: R$ 80,00\n- Valor total: R$ 80,00\n- Observações: ', '2025-05-12 12:59:24', ''),
(86, 20250505154532, 4, 'Sistema', 'atualizacao', 'Alterações realizadas:\n- Cidade: de \'hhh\' para \'Pomerode\'\n', '2025-05-12 13:33:08', ''),
(87, 20250505154532, 4, 'Sistema', 'cadastro_produto', 'Produto cadastrado:\n- Tipo: Da lista\n- Nome: Produto do dia\n- Quantidade: 1\n- Valor unitário: R$ 0,10\n- Valor total: R$ 0,10\n- Observações: 77777', '2025-05-12 14:31:35', ''),
(88, 20250505154532, 4, 'Sistema', 'cadastro_produto', 'Produto cadastrado:\n- Tipo: Da lista\n- Nome: Produto nota 10\n- Quantidade: 1\n- Valor unitário: R$ 10,00\n- Valor total: R$ 10,00\n- Observações: 7777777', '2025-05-12 14:46:27', ''),
(89, 20250505154532, 4, 'Sistema', 'cadastro_produto', 'Produto cadastrado:\n- Tipo: Da lista\n- Nome: Qual é o produto\n- Quantidade: 1\n- Valor unitário: R$ 0,10\n- Valor total: R$ 0,10\n- Observações: ', '2025-05-12 14:47:10', ''),
(90, 20250505154635, 4, 'Sistema', 'cadastro_produto', 'Produto cadastrado:\n- Tipo: Da lista\n- Nome: f\n- Quantidade: 1\n- Valor unitário: R$ 500,00\n- Valor total: R$ 500,00\n- Observações: asdf', '2025-05-12 15:36:21', ''),
(91, 20250501143428, 4, 'Sistema', 'cadastro_produto', 'Produto cadastrado:\n- Tipo: Da lista\n- Nome: a\n- Quantidade: 1\n- Valor unitário: R$ 10,00\n- Valor total: R$ 10,00\n- Observações: ', '2025-05-12 15:48:13', ''),
(92, 20250507151423, 4, 'Sistema', 'cadastro_produto', 'Produto cadastrado:\n- Tipo: Da lista\n- Nome: a\n- Quantidade: 1\n- Valor unitário: R$ 10,00\n- Valor total: R$ 10,00\n- Observações: ', '2025-05-12 16:57:27', ''),
(93, 20250505154635, 4, 'Sistema', 'cadastro_produto', 'Produto cadastrado:\n- Tipo: Da lista\n- Nome: l\n- Quantidade: 1\n- Valor unitário: R$ 20,00\n- Valor total: R$ 20,00\n- Observações: kjhg', '2025-05-12 17:26:52', ''),
(94, 20250507153147, 11, 'Sistema', 'cadastro_produto', 'Produto cadastrado:\n- Tipo: Da lista\n- Nome: l\n- Quantidade: 1\n- Valor unitário: R$ 20,00\n- Valor total: R$ 20,00\n- Observações: ', '2025-05-13 07:37:22', ''),
(95, 20250507153143, 4, 'Sistema', 'cadastro_produto', 'Produto cadastrado:\n- Tipo: Da lista\n- Nome: m\n- Quantidade: 1\n- Valor unitário: R$ 0,80\n- Valor total: R$ 0,80\n- Observações: ', '2025-05-13 16:06:40', ''),
(96, 20250507153147, 4, 'Sistema', 'cadastro_produto', 'Produto cadastrado:\n- Tipo: Da lista\n- Nome: c\n- Quantidade: 1\n- Valor unitário: R$ 500,00\n- Valor total: R$ 500,00\n- Observações: ', '2025-05-13 16:51:53', ''),
(97, 20250505154532, 4, 'Sistema', 'cadastro_produto', 'Produto cadastrado:\n- Tipo: Da lista\n- Nome: a\n- Quantidade: 1\n- Valor unitário: R$ 10,00\n- Valor total: R$ 10,00\n- Observações: ', '2025-05-14 14:52:14', ''),
(98, 20250505154532, 4, 'Sistema', 'cadastro_produto', 'Produto cadastrado:\n- Tipo: Da lista\n- Nome: l\n- Quantidade: 1\n- Valor unitário: R$ 20,00\n- Valor total: R$ 20,00\n- Observações: ', '2025-05-14 14:52:33', ''),
(99, 20250505154532, 4, 'Sistema', 'cadastro_produto', 'Produto cadastrado:\n- Tipo: Da lista\n- Nome: a\n- Quantidade: 1\n- Valor unitário: R$ 10,00\n- Valor total: R$ 10,00\n- Observações: ', '2025-05-14 14:53:13', ''),
(100, 20250505154532, 4, 'Sistema', 'cadastro_atividade', 'Atividade cadastrada:\n- Descrição: asdf\n- Data: 2025-05-14T16:37', '2025-05-14 15:41:57', ''),
(101, 20250505154532, 4, 'Sistema', 'exclusao_atividade', 'Atividade excluída:\n- ID: 1', '2025-05-14 15:45:31', ''),
(102, 20250505154532, 4, 'Sistema', 'cadastro_atividade', 'Atividade cadastrada:\n- Descrição: 4\n- Data Agendada: 2025-05-14T16:45', '2025-05-14 16:20:12', ''),
(103, 20250505154532, 4, 'Sistema', 'cadastro_atividade', 'Atividade cadastrada:\n- Descrição: teste\n- Data: 2025-05-14T17:24', '2025-05-14 16:25:01', ''),
(104, 20250505154532, 4, 'Sistema', 'exclusao_atividade', 'Atividade excluída:\n- ID: 2', '2025-05-14 16:25:11', ''),
(105, 20250505154532, 4, 'Sistema', 'exclusao_atividade', 'Atividade excluída:\n- ID: 3', '2025-05-14 16:25:22', ''),
(106, 20250505154532, 4, 'Sistema', 'cadastro_atividade', 'Atividade cadastrada:\n- Descrição: testar\n- Data: 2025-05-14T17:25', '2025-05-14 16:27:17', ''),
(107, 20250505154532, 4, 'Sistema', 'conclusao_atividade', 'Atividade concluída:\n- Descrição: testar', '2025-05-14 16:27:24', ''),
(108, 20250505154532, 4, 'Sistema', 'cadastro_atividade', 'Atividade cadastrada:\n- Descrição: ligar para o cliente\n- Data: 2025-05-15T17:31', '2025-05-14 16:34:29', ''),
(109, 20250505154532, 4, 'Sistema', 'cadastro_atividade', 'Atividade cadastrada:\n- Descrição: atraso\n- Data: 2025-05-14T16:38', '2025-05-14 16:36:11', ''),
(110, 20250505154532, 4, 'Sistema', 'cadastro_atividade', 'Atividade cadastrada:\n- Descrição: amanhã\n- Data: 2025-05-15T17:37', '2025-05-14 16:37:57', ''),
(111, 20250505154532, 4, 'Sistema', 'exclusao_atividade', 'Atividade excluída:\n- ID: 7', '2025-05-14 16:38:11', ''),
(112, 20250505154532, 4, 'Sistema', 'cadastro_atividade', 'Atividade cadastrada:\n- Descrição: sábado\n- Data: 2025-05-17T19:40', '2025-05-14 16:38:40', ''),
(113, 20250505154532, 4, 'Sistema', 'exclusao_atividade', 'Atividade excluída:\n- ID: 8', '2025-05-14 16:47:05', ''),
(114, 20250505154532, 4, 'Sistema', 'conclusao_atividade', 'Atividade concluída:\n- Descrição: atraso', '2025-05-14 16:47:13', ''),
(115, 20250505154532, 4, 'Sistema', 'exclusao_atividade', 'Atividade excluída:\n- ID: 5', '2025-05-14 16:47:24', ''),
(116, 20250505154532, 4, 'Sistema', 'cadastro_atividade', 'Atividade cadastrada:\n- Descrição: asdadasd\n- Data: 2025-05-15T22:52', '2025-05-14 16:47:42', ''),
(117, 20250505154532, 4, 'Sistema', 'cadastro_atividade', 'Atividade cadastrada:\n- Descrição: gfhj\n- Data: 2025-05-30T21:52', '2025-05-14 16:59:05', ''),
(118, 20250505154532, 1, 'Sistema', 'conclusao_atividade', 'Atividade concluída:\n- Descrição: asdadasd', '2025-05-15 08:30:32', ''),
(119, 20250505154532, 1, 'Sistema', 'exclusao_atividade', 'Atividade excluída:\n- ID: 6', '2025-05-15 08:30:59', ''),
(120, 20250505154532, 1, 'Sistema', 'exclusao_atividade', 'Atividade excluída:\n- ID: 4', '2025-05-15 08:31:52', ''),
(121, 20250505154635, 1, 'Sistema', 'cadastro_produto', 'Produto cadastrado:\n- Tipo: Da lista\n- Nome: SON\n- Quantidade: 1\n- Valor unitário: R$ 300,00\n- Valor total: R$ 300,00\n- Observações: teste', '2025-05-15 09:50:13', ''),
(122, 20250505154635, 1, 'Sistema', 'cadastro_produto', 'Produto cadastrado:\n- Tipo: Da lista\n- Nome: m\n- Quantidade: 1\n- Valor unitário: R$ 0,80\n- Valor total: R$ 0,80\n- Observações: ', '2025-05-15 09:52:59', ''),
(123, 20250507153143, 1, 'Sistema', 'cadastro_atividade', 'Atividade cadastrada:\n- Descrição: asdf\n- Data: 2025-05-16T15:06', '2025-05-15 11:02:56', ''),
(124, 20250507153143, 1, 'Sistema', 'cadastro_atividade', 'Atividade cadastrada:\n- Descrição: \\zxc\\zcx\n- Data: 2025-05-15T12:02', '2025-05-15 11:03:22', ''),
(125, 20250507153143, 1, 'Sistema', 'cadastro_atividade', 'Atividade cadastrada:\n- Descrição: sdfg\n- Data: 2025-05-14T12:03', '2025-05-15 11:03:37', ''),
(126, 20250507153143, 1, 'Sistema', 'conclusao_atividade', 'Atividade concluída:\n- Descrição: sdfg', '2025-05-15 11:04:02', ''),
(127, 20250507153143, 1, 'Sistema', 'cadastro_atividade', 'Atividade cadastrada:\n- Descrição: testar\n- Data: 2025-05-15T11:10', '2025-05-15 11:04:35', ''),
(128, 20250505154635, 1, 'Sistema', 'cadastro_atividade', 'Atividade cadastrada:\n- Descrição: testar\n- Data: 2025-05-15T11:10', '2025-05-15 11:07:28', ''),
(129, 20250505154635, 1, 'Sistema', 'cadastro_atividade', 'Atividade cadastrada:\n- Descrição: qerwq\n- Data: 2025-05-14T17:24', '2025-05-15 11:19:38', ''),
(130, 20250505154635, 1, 'Sistema', 'conclusao_atividade', 'Atividade concluída:\n- Descrição: qerwq', '2025-05-15 11:24:18', ''),
(131, 20250507153147, 1, 'Sistema', 'atualizacao', 'Alterações realizadas:\n- Observacoes: de \'Sheila\' para \'Sheila editando as observações\'\n- status: de \'1\' para \'2\'\n', '2025-05-15 14:44:56', ''),
(132, 20250505154635, 1, 'Sistema', 'atualizacao', 'Alterações realizadas:\n- Instagram: de \'\' para \'@teste\'\n- Linkedin: de \'\' para \'arthur.vieria1234\'\n- status: de \'3\' para \'4\'\n', '2025-05-15 15:05:41', ''),
(133, 20250505154635, 1, 'Sistema', 'atualizacao', 'Alterações realizadas:\n- Instagram: de \'\' para \'@teste\'\n- Linkedin: de \'\' para \'arthur.vieria1234\'\n', '2025-05-15 15:05:57', ''),
(134, 20250507153149, 1, 'Sistema', 'atualizacao', 'Alterações realizadas:\n- Email: de \'\' para \'data@outlook.com.br\'\n- Telefone: de \'\' para \'998298300\'\n- Cidade: de \'\' para \'Florianópolis\'\n- Estado: de \'\' para \'SC\'\n- CEP: de \'\' para \'88048-317\'\n- Bairro: de \'\' para \'Rio Tavares\'\n- Complemento: de \'\' para \'casa A\'\n- Instagram: de \'\' para \'@teste\'\n- Linkedin: de \'\' para \'arthur.vieria1234\'\n', '2025-05-15 15:56:34', ''),
(135, 20250507153149, 1, 'Sistema', 'cadastro_produto', 'Produto cadastrado:\n- Tipo: Da lista\n- Nome: SON\n- Quantidade: 1\n- Valor unitário: R$ 300,00\n- Valor total: R$ 300,00\n- Observações: ', '2025-05-15 15:56:45', ''),
(136, 20250507153149, 1, 'Sistema', 'cadastro_atividade', 'Atividade cadastrada:\n- Descrição: testar\n- Data: 2025-05-15T16:56', '2025-05-15 15:57:01', ''),
(137, 20250507153146, 1, 'Sistema', 'cadastro_atividade', 'Atividade cadastrada:\n- Descrição: teste\n- Data: 2025-05-15T17:10', '2025-05-15 16:10:54', ''),
(138, 20250507153146, 1, 'Sistema', 'cadastro_atividade', 'Atividade cadastrada:\n- Descrição: 123\n- Data: 2025-05-15T17:10', '2025-05-15 16:14:21', ''),
(139, 20250505154532, 1, 'Sistema', 'cadastro_atividade', 'Atividade cadastrada:\n- Descrição: bbbbbbb\n- Data agendada: 2025-05-15T17:54', '2025-05-15 16:54:29', ''),
(140, 20250505154532, 1, 'Sistema', 'cadastro_atividade', 'Atividade cadastrada:\n- Descrição: hgfd\n- Data agendada: 2025-05-15T17:20', '2025-05-15 17:17:52', ''),
(141, 20250505154532, 1, 'Sistema', 'cadastro_atividade', 'Atividade cadastrada:\n- Descrição: testar a data\n- Data agendada: 2025-05-16T18:20', '2025-05-15 17:23:05', '');

-- --------------------------------------------------------

--
-- Estrutura para tabela `cliente_produtos`
--

CREATE TABLE `cliente_produtos` (
  `id` bigint(11) NOT NULL,
  `cliente_id` bigint(11) NOT NULL,
  `lista_produto_id` int(11) DEFAULT NULL,
  `nome_produto` varchar(255) NOT NULL,
  `descricao` text DEFAULT NULL,
  `valor` decimal(10,2) NOT NULL,
  `quantidade` int(11) NOT NULL DEFAULT 1,
  `observacoes` text DEFAULT NULL,
  `usuario_id` int(11) NOT NULL,
  `nome_usuario` varchar(255) NOT NULL,
  `data_cadastro` datetime DEFAULT current_timestamp(),
  `tenant_id` char(36) NOT NULL
) ENGINE=InnoDB DEFAULT CHARSET=utf8mb4 COLLATE=utf8mb4_general_ci;

--
-- Despejando dados para a tabela `cliente_produtos`
--

INSERT INTO `cliente_produtos` (`id`, `cliente_id`, `lista_produto_id`, `nome_produto`, `descricao`, `valor`, `quantidade`, `observacoes`, `usuario_id`, `nome_usuario`, `data_cadastro`, `tenant_id`) VALUES
(1, 20250506170330, NULL, 'erty', 'erty', 10.00, 1, NULL, 11, 'Sistema', '2025-05-09 13:50:31', ''),
(2, 20250507153144, NULL, 'produto de teste', 'Feito para testes', 559.00, 1, 'teste', 11, 'Sistema', '2025-05-09 14:05:45', ''),
(3, 20250507153144, NULL, 'Software SaS', '', 590.00, 1, '', 11, 'Sistema', '2025-05-09 14:11:26', ''),
(4, 20250507153144, 1, 'Produto Top de Linha', 'Teste do cadastro no BD', 10.00, 1, '', 11, 'Sistema', '2025-05-09 14:18:07', ''),
(5, 20250507153144, 1, 'Produto Top de Linha', 'Teste do cadastro no BD', 10.00, 1, '', 11, 'Sistema', '2025-05-09 14:22:52', ''),
(6, 20250505154532, 1, 'Produto Top de Linha', 'Teste do cadastro no BD', 10.00, 1, '', 11, 'Sistema', '2025-05-09 14:41:05', ''),
(7, 20250505154532, NULL, 'produto de teste', '', 50.00, 1, '', 11, 'Sistema', '2025-05-09 14:41:33', ''),
(8, 20250505154532, 2, 'Produto 2', 'sdfg', 80.00, 1, '', 11, 'Sistema', '2025-05-09 14:50:29', ''),
(9, 20250505154532, 2, 'Produto 2', 'sdfg', 80.00, 1, '', 11, 'Sistema', '2025-05-09 14:54:56', ''),
(10, 20250506170330, 1, 'Produto Top de Linha', 'Teste do cadastro no BD', 10.00, 1, '', 11, 'Sistema', '2025-05-09 15:01:59', ''),
(11, 20250506170330, 2, 'Produto 2', 'sdfg', 80.00, 1, '', 11, 'Sistema', '2025-05-09 15:02:52', ''),
(12, 20250505154532, NULL, 'Cadastrado manualmente', 'Cadastrado manualmente', 300.00, 3, '', 4, 'Sistema', '2025-05-09 15:16:20', ''),
(13, 20250506170330, 2, 'Produto 2', 'sdfg', 80.00, 1, '', 4, 'Sistema', '2025-05-09 15:20:53', ''),
(14, 20250507152526, 2, 'Produto 2', 'sdfg', 80.00, 1, 'sdfg', 4, 'Sistema', '2025-05-09 15:31:37', ''),
(15, 20250507152526, 1, 'Produto Top de Linha', 'Teste do cadastro no BD', 10.00, 1, '', 4, 'Sistema', '2025-05-09 15:33:05', ''),
(16, 20250507152526, 2, 'Produto 2', 'sdfg', 80.00, 1, '', 4, 'Sistema', '2025-05-09 15:35:20', ''),
(17, 20250507152526, 2, 'Produto 2', 'sdfg', 80.00, 1, '', 4, 'Sistema', '2025-05-09 15:35:41', ''),
(18, 20250507152526, 1, 'Produto Top de Linha', 'Teste do cadastro no BD', 10.00, 1, '', 4, 'Sistema', '2025-05-09 15:35:55', ''),
(19, 20250507152526, NULL, 'XXXXXXXXXXXXXXXXXXXXXXXXXXXXXXXXXXXXXXXXXXXXX', 'XXXXXXXXXXXX', 500.00, 1, '', 4, 'Sistema', '2025-05-09 15:40:14', ''),
(20, 20250505154532, 2, 'Produto 2', 'sdfg', 80.00, 1, '', 4, 'Sistema', '2025-05-09 15:48:17', ''),
(21, 20250505154532, 1, 'Produto Top de Linha', 'Teste do cadastro no BD', 10.00, 1, '', 4, 'Sistema', '2025-05-09 15:49:01', ''),
(22, 20250507151704, 2, 'Produto 2', 'sdfg', 80.00, 1, '', 4, 'Sistema', '2025-05-09 15:52:44', ''),
(23, 20250507151704, 1, 'Produto Top de Linha', 'Teste do cadastro no BD', 10.00, 1, '', 4, 'Sistema', '2025-05-09 15:53:02', ''),
(24, 20250507151704, 2, 'Produto 2', 'sdfg', 80.00, 1, '', 4, 'Sistema', '2025-05-09 15:54:53', ''),
(25, 20250507151704, 2, 'Produto 2', 'sdfg', 80.00, 1, '', 4, 'Sistema', '2025-05-09 15:55:18', ''),
(26, 20250505154635, 1, 'Produto Top de Linha', 'Teste do cadastro no BD', 10.00, 1, '', 4, 'Sistema', '2025-05-09 15:57:18', ''),
(27, 20250507151704, 2, 'Produto 2', 'sdfg', 80.00, 1, '', 4, 'Sistema', '2025-05-09 16:14:37', ''),
(28, 20250507151704, 2, 'Produto 2', 'sdfg', 80.00, 1, '', 4, 'Sistema', '2025-05-09 16:24:34', ''),
(29, 20250505163653, 2, 'Produto 2', 'sdfg', 80.00, 1, '', 4, 'Sistema', '2025-05-09 16:35:57', ''),
(30, 20250507153146, 2, 'Produto 2', 'sdfg', 80.00, 1, '', 4, 'Sistema', '2025-05-09 16:49:31', ''),
(31, 20250507151423, 1, 'Produto Top de Linha', 'Teste do cadastro no BD', 10.00, 1, '', 4, 'Sistema', '2025-05-09 16:57:19', ''),
(32, 20250507151423, 2, 'Produto 2', 'sdfg', 80.00, 1, '', 4, 'Sistema', '2025-05-09 16:57:25', ''),
(33, 20250507151423, 1, 'Produto Top de Linha', 'Teste do cadastro no BD', 10.00, 1, '', 4, 'Sistema', '2025-05-09 16:57:40', ''),
(34, 20250507153146, 2, 'Produto 2', 'sdfg', 80.00, 1, '', 4, 'Sistema', '2025-05-09 17:12:31', ''),
(35, 20250507153143, 2, 'Produto 2', 'sdfg', 80.00, 1, '', 4, 'Sistema', '2025-05-09 17:18:45', ''),
(36, 20250507153146, 1, 'Produto Top de Linha', 'Teste do cadastro no BD', 10.00, 1, '', 4, 'Sistema', '2025-05-12 12:35:54', ''),
(37, 20250505154532, 2, 'Produto 2', 'sdfg', 80.00, 1, '', 4, 'Sistema', '2025-05-12 12:59:24', ''),
(39, 20250505154532, 3, 'Produto do dia', 'teste', 0.10, 1, '77777', 4, 'Sistema', '2025-05-12 14:31:35', ''),
(40, 20250505154532, 6, 'Produto nota 10', 'produto de teste', 10.00, 1, '7777777', 4, 'Sistema', '2025-05-12 14:46:27', ''),
(41, 20250505154532, 5, 'Qual é o produto', 'asdf', 0.10, 1, '', 4, 'Sistema', '2025-05-12 14:47:10', ''),
(42, 20250505154635, 13, 'f', 'f', 500.00, 1, 'asdf', 4, 'Sistema', '2025-05-12 15:36:21', ''),
(43, 20250501143428, 22, 'a', 'a', 10.00, 1, '', 4, 'Sistema', '2025-05-12 15:48:13', ''),
(44, 20250507151423, 22, 'a', 'a', 10.00, 1, '', 4, 'Sistema', '2025-05-12 16:57:27', ''),
(45, 20250505154635, 19, 'l', 'l', 20.00, 1, 'kjhg', 4, 'Sistema', '2025-05-12 17:26:52', ''),
(46, 20250507153147, 19, 'l', 'l', 20.00, 1, '', 11, 'Sistema', '2025-05-13 07:37:22', ''),
(47, 20250507153143, 20, 'm', 'm', 0.80, 1, '', 4, 'Sistema', '2025-05-13 16:06:40', ''),
(48, 20250507153147, 24, 'c', 'c', 500.00, 1, '', 4, 'Sistema', '2025-05-13 16:51:53', ''),
(49, 20250505154532, 22, 'a', 'a', 10.00, 1, '', 4, 'Sistema', '2025-05-14 14:52:14', ''),
(50, 20250505154532, 19, 'l', 'l', 20.00, 1, '', 4, 'Sistema', '2025-05-14 14:52:33', ''),
(51, 20250505154532, 22, 'a', 'a', 10.00, 1, '', 4, 'Sistema', '2025-05-14 14:53:13', ''),
(52, 20250505154635, 28, 'SON', 'Sistema SaS', 300.00, 1, 'teste', 1, 'Sistema', '2025-05-15 09:50:13', ''),
(53, 20250505154635, 20, 'm', 'm', 0.80, 1, '', 1, 'Sistema', '2025-05-15 09:52:59', ''),
(54, 20250507153149, 28, 'SON', 'Sistema SaS', 300.00, 1, '', 1, 'Sistema', '2025-05-15 15:56:45', '');

-- --------------------------------------------------------

--
-- Estrutura para tabela `lista_produtos`
--

CREATE TABLE `lista_produtos` (
  `id` bigint(11) NOT NULL,
  `nome` varchar(255) NOT NULL,
  `descricao` text DEFAULT NULL,
  `valor` decimal(10,2) NOT NULL,
  `data_cadastro` datetime DEFAULT current_timestamp(),
  `ativo` tinyint(1) DEFAULT 1,
  `usuario_id` int(11) DEFAULT NULL,
  `nome_usuario` varchar(255) DEFAULT NULL,
  `tenant_id` char(36) NOT NULL
) ENGINE=InnoDB DEFAULT CHARSET=utf8mb4 COLLATE=utf8mb4_general_ci;

--
-- Despejando dados para a tabela `lista_produtos`
--

INSERT INTO `lista_produtos` (`id`, `nome`, `descricao`, `valor`, `data_cadastro`, `ativo`, `usuario_id`, `nome_usuario`, `tenant_id`) VALUES
(14, 'g', 'g', 10.00, '2025-05-12 15:12:06', 1, 4, 'Sistema', ''),
(15, 'h', 'h', 50.00, '2025-05-12 15:12:14', 1, 4, 'Sistema', ''),
(16, 'i', 'i', 50.00, '2025-05-12 15:12:25', 1, 4, 'Sistema', ''),
(17, 'j', 'j', 50.00, '2025-05-12 15:12:34', 1, 4, 'Sistema', ''),
(18, 'k', 'k', 20.00, '2025-05-12 15:12:46', 1, 4, 'Sistema', ''),
(19, 'l', 'l', 20.00, '2025-05-12 15:12:57', 1, 4, 'Sistema', ''),
(20, 'm', 'm', 0.80, '2025-05-12 15:13:08', 1, 4, 'Sistema', ''),
(24, 'c', 'c', 500.00, '2025-05-12 15:41:48', 1, 4, 'Sistema', ''),
(25, 'd', 'd', 0.80, '2025-05-12 15:42:00', 1, 4, 'Sistema', ''),
(26, 'e', 'e', 20.00, '2025-05-12 15:42:13', 1, 4, 'Sistema', ''),
(27, 'f', 'f', 20.00, '2025-05-12 15:42:20', 1, 4, 'Sistema', ''),
(28, 'SON', 'Sistema SaS', 300.00, '2025-05-15 09:49:51', 1, 1, 'Sistema', '');

-- --------------------------------------------------------

--
-- Estrutura para tabela `produtos`
--

CREATE TABLE `produtos` (
  `id` bigint(11) NOT NULL,
  `nome` varchar(100) NOT NULL,
  `descricao` text DEFAULT NULL,
  `preco` decimal(10,2) DEFAULT NULL,
  `created_at` timestamp NOT NULL DEFAULT current_timestamp(),
  `tenant_id` char(36) NOT NULL
) ENGINE=InnoDB DEFAULT CHARSET=latin1 COLLATE=latin1_swedish_ci;

--
-- Despejando dados para a tabela `produtos`
--

INSERT INTO `produtos` (`id`, `nome`, `descricao`, `preco`, `created_at`, `tenant_id`) VALUES
(1, 'Software', 'Software de testes do sistema SON.', 599.00, '2025-05-05 12:40:03', ''),
(2, 'Software', 'Software de testes do sistema SON.', 599.00, '2025-05-05 12:42:35', ''),
(3, 'Software SaS', 'Software com licenciamento mensal.', 599.00, '2025-05-05 12:56:39', ''),
(4, 'Produto Teste', 'Testes gerais', 10.00, '2025-05-05 17:37:58', ''),
(5, 'Chave', 'teste', 500.00, '2025-05-05 19:20:55', ''),
(6, 'Produto X', 'Produto X', 1000.00, '2025-05-09 10:53:13', ''),
(7, 'Produto Y', 'Produto Y', 2000.00, '2025-05-09 10:53:34', '');

-- --------------------------------------------------------

--
-- Estrutura para tabela `produto_cliente_logs`
--

CREATE TABLE `produto_cliente_logs` (
  `id` bigint(20) NOT NULL,
  `cliente_id` bigint(11) NOT NULL,
  `produto_id` bigint(11) NOT NULL,
  `produto_nome` varchar(255) NOT NULL,
  `acao` varchar(50) NOT NULL,
  `detalhes` text NOT NULL,
  `data_hora` datetime NOT NULL DEFAULT current_timestamp(),
  `usuario_id` int(11) NOT NULL,
  `nome_usuario` varchar(255) NOT NULL,
  `tenant_id` char(36) NOT NULL
) ENGINE=InnoDB DEFAULT CHARSET=utf8mb4 COLLATE=utf8mb4_general_ci;

-- --------------------------------------------------------

--
-- Estrutura para tabela `timeline`
--

CREATE TABLE `timeline` (
  `id` int(11) NOT NULL,
  `cliente_id` bigint(20) NOT NULL,
  `usuario_id` int(11) NOT NULL,
  `status_anterior` int(11) DEFAULT NULL,
  `status_novo` int(11) DEFAULT NULL,
  `data_movimentacao` datetime DEFAULT current_timestamp()
) ENGINE=InnoDB DEFAULT CHARSET=utf8mb4 COLLATE=utf8mb4_general_ci;

--
-- Índices para tabelas despejadas
--

--
-- Índices de tabela `atividades`
--
ALTER TABLE `atividades`
  ADD PRIMARY KEY (`id`),
  ADD KEY `cliente_id` (`cliente_id`);

--
-- Índices de tabela `clientes`
--
ALTER TABLE `clientes`
  ADD PRIMARY KEY (`id`);

--
-- Índices de tabela `cliente_atividades`
--
ALTER TABLE `cliente_atividades`
  ADD PRIMARY KEY (`id`),
  ADD KEY `cliente_id` (`cliente_id`),
  ADD KEY `usuario_id` (`usuario_id`);

--
-- Índices de tabela `cliente_logs`
--
ALTER TABLE `cliente_logs`
  ADD PRIMARY KEY (`id`),
  ADD KEY `fk_cliente_logs_cliente` (`cliente_id`);

--
-- Índices de tabela `cliente_produtos`
--
ALTER TABLE `cliente_produtos`
  ADD PRIMARY KEY (`id`),
  ADD KEY `cliente_id` (`cliente_id`);

--
-- Índices de tabela `lista_produtos`
--
ALTER TABLE `lista_produtos`
  ADD PRIMARY KEY (`id`);

--
-- Índices de tabela `produtos`
--
ALTER TABLE `produtos`
  ADD PRIMARY KEY (`id`);

--
-- Índices de tabela `produto_cliente_logs`
--
ALTER TABLE `produto_cliente_logs`
  ADD PRIMARY KEY (`id`),
  ADD KEY `cliente_id` (`cliente_id`),
  ADD KEY `produto_id` (`produto_id`);

--
-- Índices de tabela `timeline`
--
ALTER TABLE `timeline`
  ADD PRIMARY KEY (`id`),
  ADD KEY `cliente_id` (`cliente_id`),
  ADD KEY `usuario_id` (`usuario_id`);

--
-- AUTO_INCREMENT para tabelas despejadas
--

--
-- AUTO_INCREMENT de tabela `atividades`
--
ALTER TABLE `atividades`
  MODIFY `id` int(11) NOT NULL AUTO_INCREMENT, AUTO_INCREMENT=23;

--
-- AUTO_INCREMENT de tabela `clientes`
--
ALTER TABLE `clientes`
  MODIFY `id` bigint(20) NOT NULL AUTO_INCREMENT, AUTO_INCREMENT=20250507153150;

--
-- AUTO_INCREMENT de tabela `cliente_atividades`
--
ALTER TABLE `cliente_atividades`
  MODIFY `id` int(11) NOT NULL AUTO_INCREMENT;

--
-- AUTO_INCREMENT de tabela `cliente_logs`
--
ALTER TABLE `cliente_logs`
  MODIFY `id` int(11) NOT NULL AUTO_INCREMENT, AUTO_INCREMENT=142;

--
-- AUTO_INCREMENT de tabela `cliente_produtos`
--
ALTER TABLE `cliente_produtos`
  MODIFY `id` bigint(11) NOT NULL AUTO_INCREMENT, AUTO_INCREMENT=55;

--
-- AUTO_INCREMENT de tabela `lista_produtos`
--
ALTER TABLE `lista_produtos`
  MODIFY `id` bigint(11) NOT NULL AUTO_INCREMENT, AUTO_INCREMENT=29;

--
-- AUTO_INCREMENT de tabela `produtos`
--
ALTER TABLE `produtos`
  MODIFY `id` bigint(11) NOT NULL AUTO_INCREMENT, AUTO_INCREMENT=8;

--
-- AUTO_INCREMENT de tabela `produto_cliente_logs`
--
ALTER TABLE `produto_cliente_logs`
  MODIFY `id` bigint(20) NOT NULL AUTO_INCREMENT;

--
-- AUTO_INCREMENT de tabela `timeline`
--
ALTER TABLE `timeline`
  MODIFY `id` int(11) NOT NULL AUTO_INCREMENT;

--
-- Restrições para tabelas despejadas
--

--
-- Restrições para tabelas `atividades`
--
ALTER TABLE `atividades`
  ADD CONSTRAINT `atividades_ibfk_1` FOREIGN KEY (`cliente_id`) REFERENCES `clientes` (`id`);

--
-- Restrições para tabelas `cliente_atividades`
--
ALTER TABLE `cliente_atividades`
  ADD CONSTRAINT `cliente_atividades_ibfk_1` FOREIGN KEY (`cliente_id`) REFERENCES `clientes` (`id`),
  ADD CONSTRAINT `cliente_atividades_ibfk_2` FOREIGN KEY (`usuario_id`) REFERENCES `usuarios` (`id`);

--
-- Restrições para tabelas `cliente_logs`
--
ALTER TABLE `cliente_logs`
  ADD CONSTRAINT `fk_cliente_logs_cliente` FOREIGN KEY (`cliente_id`) REFERENCES `clientes` (`id`) ON DELETE CASCADE;

--
-- Restrições para tabelas `cliente_produtos`
--
ALTER TABLE `cliente_produtos`
  ADD CONSTRAINT `cliente_produtos_ibfk_1` FOREIGN KEY (`cliente_id`) REFERENCES `clientes` (`id`);

--
-- Restrições para tabelas `produto_cliente_logs`
--
ALTER TABLE `produto_cliente_logs`
  ADD CONSTRAINT `produto_cliente_logs_ibfk_1` FOREIGN KEY (`cliente_id`) REFERENCES `clientes` (`id`),
  ADD CONSTRAINT `produto_cliente_logs_ibfk_2` FOREIGN KEY (`produto_id`) REFERENCES `produtos` (`id`);

--
-- Restrições para tabelas `timeline`
--
ALTER TABLE `timeline`
  ADD CONSTRAINT `timeline_ibfk_1` FOREIGN KEY (`cliente_id`) REFERENCES `clientes` (`id`),
  ADD CONSTRAINT `timeline_ibfk_2` FOREIGN KEY (`usuario_id`) REFERENCES `usuarios` (`id`);
COMMIT;

